{"id":8,"date":"2012-12-13T17:00:45","date_gmt":"2012-12-13T15:00:45","guid":{"rendered":"http:\/\/www.silena.biz\/cms\/?page_id=8"},"modified":"2020-06-01T12:07:20","modified_gmt":"2020-06-01T10:07:20","slug":"was-wir-anbieten","status":"publish","type":"page","link":"https:\/\/www.silena.biz\/cms\/was-wir-anbieten\/","title":{"rendered":"WAS WIR ANBIETEN"},"content":{"rendered":"<p><strong>F\u00fcr n\u00e4here Informationen k\u00f6nnen die einzelnen Punkte angeklickt werden!<\/strong><\/p>\n<ul style=\"font-size: 16px;\">\n<li><a title=\"Leadership Developement\" href=\"http:\/\/www.silena.biz\/cms\/leadership-developement\/\">LEADERSHIP DEVELOPMENT<\/a><\/li>\n<li style=\"margin-top: 10px; display: none;\">QUALIFIZIERUNG VON MITARBEITERN<\/li>\n<li style=\"margin-top: 10px;\"><a title=\"Individuelles Coaching\" href=\"http:\/\/www.silena.biz\/cms\/individuelles-coaching\/\">INDIVIDUELLES COACHING<\/a><\/li>\n<li style=\"margin-top: 10px;\"><a title=\"Teambuilding\" href=\"http:\/\/www.silena.biz\/cms\/teambuilding\/\">TEAMBUILDING<\/a><\/li>\n<li style=\"margin-top: 10px;\"><a title=\"Kommunikationsmanagement\" href=\"http:\/\/www.silena.biz\/cms\/kommunikationsmanagement\/\">KOMMUNIKATIONSMANAGEMENT<\/a><\/li>\n<li style=\"margin-top: 10px;\"><a title=\"Konfliktmanagement\" href=\"http:\/\/www.silena.biz\/cms\/konfliktmanagement\/\">KONFLIKTMANAGEMENT<\/a><\/li>\n<li style=\"margin-top: 10px;\"><a title=\"Troubleshooting\" href=\"http:\/\/www.silena.biz\/cms\/troubleshooting\/\">TROUBLESHOOTING<\/a><\/li>\n<li style=\"margin-top: 10px;\"><a title=\"Outdoor-Aktivit\u00e4ten\" href=\"http:\/\/www.silena.biz\/cms\/outdoor-aktivitaten\/\">OUTDOOR-AKTIVIT\u00c4TEN<\/a><\/li>\n<\/ul>\n","protected":false},"excerpt":{"rendered":"<p>F\u00fcr n\u00e4here Informationen k\u00f6nnen die einzelnen Punkte angeklickt werden! LEADERSHIP DEVELOPMENT QUALIFIZIERUNG VON MITARBEITERN INDIVIDUELLES COACHING TEAMBUILDING KOMMUNIKATIONSMANAGEMENT KONFLIKTMANAGEMENT TROUBLESHOOTING OUTDOOR-AKTIVIT\u00c4TEN<\/p>\n","protected":false},"author":2,"featured_media":0,"parent":0,"menu_order":2,"comment_status":"closed","ping_status":"closed","template":"page-template-wide.php","meta":{"footnotes":""},"class_list":["post-8","page","type-page","status-publish","hentry"],"_links":{"self":[{"href":"https:\/\/www.silena.biz\/cms\/wp-json\/wp\/v2\/pages\/8","targetHints":{"allow":["GET"]}}],"collection":[{"href":"https:\/\/www.silena.biz\/cms\/wp-json\/wp\/v2\/pages"}],"about":[{"href":"https:\/\/www.silena.biz\/cms\/wp-json\/wp\/v2\/types\/page"}],"author":[{"embeddable":true,"href":"https:\/\/www.silena.biz\/cms\/wp-json\/wp\/v2\/users\/2"}],"replies":[{"embeddable":true,"href":"https:\/\/www.silena.biz\/cms\/wp-json\/wp\/v2\/comments?post=8"}],"version-history":[{"count":17,"href":"https:\/\/www.silena.biz\/cms\/wp-json\/wp\/v2\/pages\/8\/revisions"}],"predecessor-version":[{"id":269,"href":"https:\/\/www.silena.biz\/cms\/wp-json\/wp\/v2\/pages\/8\/revisions\/269"}],"wp:attachment":[{"href":"https:\/\/www.silena.biz\/cms\/wp-json\/wp\/v2\/media?parent=8"}],"curies":[{"name":"wp","href":"https:\/\/api.w.org\/{rel}","templated":true}]}}