{"id":6,"date":"2012-12-13T16:58:41","date_gmt":"2012-12-13T14:58:41","guid":{"rendered":"http:\/\/www.silena.biz\/cms\/?page_id=6"},"modified":"2020-06-01T11:37:42","modified_gmt":"2020-06-01T09:37:42","slug":"wie-wir-arbeiten","status":"publish","type":"page","link":"https:\/\/www.silena.biz\/cms\/wie-wir-arbeiten\/","title":{"rendered":"WIE WIR ARBEITEN"},"content":{"rendered":"<p><strong>1. Unser Selbstverst\u00e4ndnis:<\/strong><\/p>\n<ul>\n<li>Die Grundlage nachhaltiger Erfolge ist Anpassung an Ver\u00e4nderung und Ver\u00e4nderung der Anpassung.<\/li>\n<li>Unsere Kernkompetenz ist Beratung, Problemanalyse und Organisation von Prozessen zur L\u00f6sung von Problemen in den Bereichen Kommunikation, Kooperation und F\u00fchrung.<\/li>\n<li>Unser Erfolgsrezept ist Leistung durch professionelle Arbeit: \u00f6konomisch, ergebnisorientiert und transparent.<\/li>\n<li>Alle Mitarbeiter haben einen Hochschulabschluss.<\/li>\n<\/ul>\n<p><strong>2. Unsere Arbeitsweise:<\/strong><\/p>\n<ol>\n<li>Wir finden das Problem<\/li>\n<li>Wir kl\u00e4ren den Bedarf<\/li>\n<li>Wir schlagen das Vorgehen vor<\/li>\n<li>Wir beschreiben die Ziele<\/li>\n<li>Wir treffen Vereinbarungen<\/li>\n<li>Wir sorgen f\u00fcr die Durchf\u00fchrung<\/li>\n<li>Wir steuern den Verlauf<\/li>\n<li>Wir kontrollieren die Ergebnisse<\/li>\n<li>Wir evaluieren den Prozess<\/li>\n<li>Wir bilanzieren<\/li>\n<\/ol>\n<p><strong>3. Was Sie bei uns vermissen werden<\/strong><\/p>\n<ul>\n<li>Wir sind keine Wunderheiler. (Manchmal wundern wir uns allerdings \u00fcber das, was heilt\u2026)<\/li>\n<li>Voodoo und Esoterik geh\u00f6ren nicht zu unserem Repertoire.<\/li>\n<li>Wir arbeiten nicht mit eindrucksvoll aufgeblasenem Branchenvokabular.<\/li>\n<\/ul>\n","protected":false},"excerpt":{"rendered":"<p>1. Unser Selbstverst\u00e4ndnis: Die Grundlage nachhaltiger Erfolge ist Anpassung an Ver\u00e4nderung und Ver\u00e4nderung der Anpassung. Unsere Kernkompetenz ist Beratung, Problemanalyse und Organisation von Prozessen zur L\u00f6sung von Problemen in den Bereichen Kommunikation, Kooperation und F\u00fchrung&#8230;.<\/p>\n","protected":false},"author":2,"featured_media":0,"parent":0,"menu_order":1,"comment_status":"closed","ping_status":"closed","template":"page-template-wide.php","meta":{"footnotes":""},"class_list":["post-6","page","type-page","status-publish","hentry"],"_links":{"self":[{"href":"https:\/\/www.silena.biz\/cms\/wp-json\/wp\/v2\/pages\/6","targetHints":{"allow":["GET"]}}],"collection":[{"href":"https:\/\/www.silena.biz\/cms\/wp-json\/wp\/v2\/pages"}],"about":[{"href":"https:\/\/www.silena.biz\/cms\/wp-json\/wp\/v2\/types\/page"}],"author":[{"embeddable":true,"href":"https:\/\/www.silena.biz\/cms\/wp-json\/wp\/v2\/users\/2"}],"replies":[{"embeddable":true,"href":"https:\/\/www.silena.biz\/cms\/wp-json\/wp\/v2\/comments?post=6"}],"version-history":[{"count":13,"href":"https:\/\/www.silena.biz\/cms\/wp-json\/wp\/v2\/pages\/6\/revisions"}],"predecessor-version":[{"id":293,"href":"https:\/\/www.silena.biz\/cms\/wp-json\/wp\/v2\/pages\/6\/revisions\/293"}],"wp:attachment":[{"href":"https:\/\/www.silena.biz\/cms\/wp-json\/wp\/v2\/media?parent=6"}],"curies":[{"name":"wp","href":"https:\/\/api.w.org\/{rel}","templated":true}]}}