{"id":235,"date":"2013-02-28T09:31:05","date_gmt":"2013-02-28T07:31:05","guid":{"rendered":"http:\/\/www.silena.biz\/cms\/?page_id=235"},"modified":"2013-02-28T11:06:40","modified_gmt":"2013-02-28T09:06:40","slug":"outdoor-aktivitaten","status":"publish","type":"page","link":"https:\/\/www.silena.biz\/cms\/outdoor-aktivitaten\/","title":{"rendered":"Outdoor-Aktivit\u00e4ten"},"content":{"rendered":"<p>Unsere Outdoor-Aktivit\u00e4ten f\u00f6rdern Teamgeist, Verantwortungsbewu\u00dftsein und Sozialkompetenz im Sinne einer Corporate Identity. Das Ziel jedes Teamtrainings ist die Herausbildung von gemeinschaftlich getragenen Orientierungen und die Erfahrung von gelungener Kommunikation\/Kooperation. Outdoor-Trainings haben immer auch einen Bonus- und Incentive-Charakter, der belohnend und dadurch identit\u00e4tsstiftend wirkt.<br \/>\n<strong>SILENA<\/strong> organisiert und begleitet diese Aktivit\u00e4ten, die nach Ihren W\u00fcnschen und Vorstellungen gestaltet werden k\u00f6nnen.<\/p>\n<p><a title=\"WAS WIR ANBIETEN\" href=\"http:\/\/www.silena.biz\/cms\/was-wir-anbieten\/\">&lt;-ZUR\u00dcCK<\/a><\/p>\n","protected":false},"excerpt":{"rendered":"<p>Unsere Outdoor-Aktivit\u00e4ten f\u00f6rdern Teamgeist, Verantwortungsbewu\u00dftsein und Sozialkompetenz im Sinne einer Corporate Identity. Das Ziel jedes Teamtrainings ist die Herausbildung von gemeinschaftlich getragenen Orientierungen und die Erfahrung von gelungener Kommunikation\/Kooperation. Outdoor-Trainings haben immer auch einen Bonus-&#8230;<\/p>\n","protected":false},"author":2,"featured_media":0,"parent":0,"menu_order":0,"comment_status":"closed","ping_status":"closed","template":"page-template-wide.php","meta":{"footnotes":""},"class_list":["post-235","page","type-page","status-publish","hentry"],"_links":{"self":[{"href":"https:\/\/www.silena.biz\/cms\/wp-json\/wp\/v2\/pages\/235","targetHints":{"allow":["GET"]}}],"collection":[{"href":"https:\/\/www.silena.biz\/cms\/wp-json\/wp\/v2\/pages"}],"about":[{"href":"https:\/\/www.silena.biz\/cms\/wp-json\/wp\/v2\/types\/page"}],"author":[{"embeddable":true,"href":"https:\/\/www.silena.biz\/cms\/wp-json\/wp\/v2\/users\/2"}],"replies":[{"embeddable":true,"href":"https:\/\/www.silena.biz\/cms\/wp-json\/wp\/v2\/comments?post=235"}],"version-history":[{"count":3,"href":"https:\/\/www.silena.biz\/cms\/wp-json\/wp\/v2\/pages\/235\/revisions"}],"predecessor-version":[{"id":256,"href":"https:\/\/www.silena.biz\/cms\/wp-json\/wp\/v2\/pages\/235\/revisions\/256"}],"wp:attachment":[{"href":"https:\/\/www.silena.biz\/cms\/wp-json\/wp\/v2\/media?parent=235"}],"curies":[{"name":"wp","href":"https:\/\/api.w.org\/{rel}","templated":true}]}}